7 is divided by y(-9)?
7
Let z = 7405 - 7381. What is the remainder when 742 is divided by z?
22
Let q = -98 - -758. Calculate the remainder when q is divided by 83.
79
Suppose -10 - 10 = -4*v. Suppose -c + 138 = -4*w, v*w + 261 = -4*c + 792. Calculate the remainder when c is divided by 27.
26
Suppose 4*u - 284 - 1302 = -5*i, -i = -u - 319. Suppose 0 = i*b - 311*b - 546. What is the remainder when b is divided by 23?
9
Suppose 1103*n - 1098*n - 25 = 0, -269 = -3*v - n. What is the remainder when 275 is divided by v?
11
Suppose 280 = 2*l + 2*l. Suppose 3277 = 6*t - 1043. Suppose 23*h - t = -7*h. Calculate the remainder when l is divided by h.
22
Suppose 173*s - 157592 = 35579 + 117537. Calculate the remainder when s is divided by 12.
8
Let p = -18695 + 18710. What is the remainder when 652 is divided by p?
7
Suppose 4*b - 49 = -3*k, 0 = 7*k + 4*b - 81 - 12. Calculate the remainder when 13153 is divided by k.
8
Suppose -146*l + 3*i - 500 = -151*l, -i - 5 = 0. What is the remainder when l is divided by 103?
0
Let f = -710 + 1016. Suppose 0 = -4*p - 2*p - f. Let x = -42 - p. What is the remainder when 34 is divided by x?
7
Suppose 4*i - i - 413 = -4*b, 217 = 2*b + 5*i. Let f = b + -11. What is the remainder when (0 - -1) + f/2 is divided by 12?
10
Calculate the remainder when 1793 is divided by (-5 + (-5)/(-5))/(13/1300*-4).
93
Let i(j) = 30*j + 31. Let q be i(-13). Let p = -191 - q. Let c = p - 105. What is the remainder when c is divided by 13?
11
What is the remainder when ((-2424)/(-80))/(3/90) is divided by 19?
16
Suppose -13*i = -12*i. Suppose i*v + 247 = 3*p + v, -2 = -2*v. Let f = p + -67. Calculate the remainder when f is divided by 7.
1
Let r(t) = -t**3 + 25*t**2 - 75*t + 10. What is the remainder when r(4) is divided by 10?
6
Let k(b) = -5*b**3 + 4*b**2 + 2*b + 1. Let a be k(-1). Calculate the remainder when ((-96)/(-9))/(a/228) is divided by 7.
3
Let p(v) = -13*v + 10. Suppose -3*b + 3*o = 0, b - 3*o - 6 = -5*o. Let q be 25/(-15) + b/(-6). What is the remainder when p(q) is divided by 10?
6
Let x be (9 - -9)/(1/(-1)). Suppose -4*d = d - 200. Calculate the remainder when d is divided by 3/(-18) - 273/x.
10
Let w(v) be the first derivative of 62*v**2 + 2*v - 61. Calculate the remainder when w(1) is divided by 33.
27
Suppose 5*s - 2*s + k - 7436 = 0, 4*k + 4934 = 2*s. Calculate the remainder when s is divided by 821.
14
Let y(z) = z**2 - 2*z - 1. Let r be y(-2). Let m(d) = 10*d - 10. Let n = 454 - 438. Calculate the remainder when m(r) is divided by n.
12
Suppose -6*c - 62 = -80. Suppose -22*p + 450 = c*p. What is the remainder when p is divided by 11?
7
Let g(s) be the first derivative of 56*s**2 - 90*s - 54. Calculate the remainder when g(2) is divided by 29.
18
Calculate the remainder when (122948/3)/28*3 is divided by 18.
17
Suppose -8 = -4*j, -60 = -2*i + 53*j - 55*j. Let c(l) = -6*l - 1 + 4 + 4*l**2 + 3. Calculate the remainder when c(5) is divided by i.
20
Let x(k) = k**3 - 4*k + 6. Let g be x(2). Let a = -95 - 607. What is the remainder when 51 is divided by ((-2)/g)/(13/a)?
15
Suppose -505 = 210*s - 12063 - 7762. What is the remainder when 550 is divided by s?
90
Let n(f) = 2 - 156*f**2 - 143*f**2 + 300*f**2 - 15*f. What is the remainder when n(25) is divided by 23?
22
Suppose -1759 + 2279 = 20*v. Calculate the remainder when 446 is divided by v.
4
Suppose 95*q - 124 = 93*q. Suppose -3*j + 47 = x, -2*x + 8 = -2*j - q. What is the remainder when x is divided by 4?
2
Let j = -18 - -22. Suppose -19*h + 18*h = j. Calculate the remainder when 78 is divided by 1*((-552)/(-14) - h/7).
38
Suppose 23*v + 35874 = 182591. Calculate the remainder when v is divided by 910.
9
Let b(q) = 9*q - 21. Let j(f) = f**2 + 7*f - 26. What is the remainder when b(3) is divided by j(-10)?
2
Let r = 2 + 7. Let u = 15876 - 15672. What is the remainder when u is divided by r?
6
Suppose 18*l - 5979 - 17007 = 0. What is the remainder when l is divided by 9?
8
Suppose 4*u + u - 65 = 0. Let t = 33 - u. Calculate the remainder when (-31746)/(-546) + 6/7 is divided by t.
19
What is the remainder when 45 is divided by ((-6222)/244)/(0 - (-3)/(-4))?
11
Suppose 2*u + c + c + 250 = 0, 0 = 3*c + 12. Let q = 149 - u. Calculate the remainder when q is divided by 21.
18
Suppose 0 = 2*y, 3*g + g + 3*y = -20. Let x = 89 + -58. What is the remainder when (-18)/g*-4*150/(-36) is divided by x?
29
Suppose -41 + 14 = -3*x. Let b be (x/5)/(9/135). Suppose -b - 6 = -3*t. Calculate the remainder when 15 is divided by t.
4
Suppose -2*l - 580 = -2400. Suppose -192*b + l = -187*b. What is the remainder when b is divided by 46?
44
Let l = -34 + 40. Suppose l + 26 = 8*o. Suppose 82 = b + 4*b + 4*j, o*b = -2*j + 68. Calculate the remainder when b is divided by 8.
2
Suppose -f - f + 52 = 0. Suppose 2*t + f = 3*t. Calculate the remainder when 75 is divided by t.
23
Calculate the remainder when 453 is divided by (-32 - -29) + 5 + 78 + (2 - 5).
68
Let l be 2*(3/(-2) - -2). Suppose -3*f - 435 = -5*i - 452, 0 = 3*f - i - 49. Calculate the remainder when (-94)/3*(-3)/l is divided by f.
18
Suppose 0 = 2*b - 11 - 15. Let p(j) = -j**3 + 26*j**2 - 23*j - 13. Let y be p(25). Suppose y - 2 = w. What is the remainder when w is divided by b?
9
Suppose 36*q - 39*q = 9. Let b be (7 + -10)/q - (-1 - 0). Suppose 4*d - 638 = -5*n - 0*d, -b*n + 245 = 5*d. What is the remainder when n is divided by 34?
28
Let g(l) be the first derivative of -l**4/4 + 40*l**3/3 + 3*l**2/2 - 89*l + 3. Calculate the remainder when g(40) is divided by 20.
11
Let d(r) = r**2 - 2*r - 3. Let h be (-4)/(-2) + (3 - 1). Let g = 110366 - 110360. Calculate the remainder when g is divided by d(h).
1
Let f(s) = -36*s**3 - 47*s**2 - 402*s + 19. What is the remainder when f(-8) is divided by 31?
28
Let g = 2 - 0. Let u(t) = 2*t**2 - 2*t - 1. Calculate the remainder when 52/4 - 2*g is divided by u(2).
0
Suppose 10*u + 28*u - 481 + 63 = 0. What is the remainder when 2517 is divided by u?
9
Let k(l) = -2*l**3 + 12*l**2 + 17*l - 17. Let d be k(7). Suppose -25 = 115*j - 119*j + y, -31 = -d*j - y. Calculate the remainder when 51 is divided by j.
2
Let x = 28 - 13. Suppose -2*v - 118 + 136 = 0. Suppose 4*a - v*a + 165 = 0. What is the remainder when a is divided by x?
3
Suppose -7*a - 3*s - 1186 = -9*a, 3*s = 0. Suppose -2134 = -27*v + a. Calculate the remainder when v is divided by 35.
31
Suppose 7*b + 10*c - 944 = 15*c, 0 = -3*c - 12. What is the remainder when b is divided by 14?
6
Suppose -9792 = -3*z - 3*x, -2225 + 18565 = 5*z - 5*x. Calculate the remainder when z is divided by 1084.
14
Let w = -3392 + 3417. What is the remainder when 1063 is divided by w?
13
Let i = -256 - -188. Let q = -2 - i. What is the remainder when q is divided by 23?
20
Let q(d) = -2*d**2 + 21*d - 1. Let s be q(10). Suppose -5*h + 72 = 2*y, -h = -s*y + 8*y - 13. What is the remainder when 34 is divided by h?
6
Let s = -3691 - -3926. Calculate the remainder when s is divided by 35.
25
Suppose 4*j - 9358 = -2*l, 0*l - 4*j - 9326 = -2*l. What is the remainder when l is divided by 123?
120
Let p be 45 + (-18)/(-2 + 5). Let r = -25 + p. Calculate the remainder when 68 is divided by r.
12
Let g = 7 + 13. Let q(a) = -2*a**2 - 23*a - 13. Let t be q(-11). Calculate the remainder when g is divided by 2054/182 - t/(-7).
9
Let o = 368 + -200. Let i = o + 444. Suppose -3*x + 3*p + i = 0, x + 2*p = 96 + 117. What is the remainder when x is divided by 30?
27
What is the remainder when ((-688)/10)/(30/75)*-2 is divided by 233?
111
Let d(p) = p**3 + 8*p**2 - p - 1. Let r(s) = -s**2 + 19*s - 26. Let c be r(18). Calculate the remainder when 15 is divided by d(c).
1
Suppose -117 = -5*g + 4*f, 4*g - f - 108 = -5*f. Let n = 20 - 20. Suppose n*j + 4*j - 30 = -5*i, 3*j = i - 25. What is the remainder when g is divided by i?
5
Let t(r) = 385*r + 8475. Let v(w) be the second derivative of 13*w**5/20 + w**4/12 - w**3/6 - w. What is the remainder when v(1) is divided by t(-22)?
3
Let x(l) = 55*l**2 + 3*l - 4. Let a(d) = 109*d**2 + 5*d - 7. Let g(b) = 3*a(b) - 5*x(b). Let p = -752 + 770. Calculate the remainder when g(-1) is divided by p.
15
Let f(g) = 12*g**3 - 4*g**2 - 2*g + 2. Let l be f(-1). Calculate the remainder when 89 is divided by (-2 + 392/l)/(18/(-27)).
37
Suppose -29*j + 31306 = 